osite number?
False
Is 117964304251 a composite number?
False
Is 471957559 composite?
True
Is 180881308358 a prime number?
False
Is 224781014 a composite number?
True
Is 448909691 a composite number?
False
Is 3308030129 a prime number?
True
Is 11544808195 a composite number?
True
Is 17830025737 composite?
False
Is 656460293 prime?
True
Is 5523910673 composite?
False
Is 2428090727 prime?
True
Is 1215230557 a composite number?
True
Is 113134079 a composite number?
True
Is 13561443107 a prime number?
True
Is 689697299 a composite number?
True
Is 55557522613 composite?
False
Is 224849839 a composite number?
True
Is 83922221337 a prime number?
False
Is 223959363 prime?
False
Is 7035152407 composite?
False
Is 909852809 a composite number?
True
Is 2925702569 a prime number?
False
Is 48667862281 prime?
False
Is 481292533 prime?
True
Is 8528070307 composite?
True
Is 753281471 a composite number?
False
Is 1588565933 a composite number?
True
Is 13358507627 composite?
False
Is 633896453 a composite number?
True
Is 15468986215 a composite number?
True
Is 4964122351 prime?
True
Is 1454160277 prime?
True
Is 4578393221 prime?
True
Is 887109326 a prime number?
False
Is 3293189429 a composite number?
False
Is 343365389 a composite number?
True
Is 238490573 a prime number?
False
Is 15170227519 a prime number?
False
Is 5829525037 prime?
False
Is 368462357 a prime number?
False
Is 80305921 prime?
False
Is 35377430057 prime?
False
Is 1881129191 a composite number?
False
Is 6591320663 prime?
True
Is 2727971347 composite?
False
Is 5682266479 prime?
True
Is 411573737 a prime number?
True
Is 14693183921 prime?
False
Is 7536776687 a prime number?
False
Is 317773409 a prime number?
True
Is 11766975107 composite?
False
Is 6197516357 prime?
True
Is 7444446749 prime?
True
Is 116804615 a composite number?
True
Is 536626429 a prime number?
False
Is 798843047 a composite number?
False
Is 1235012601 composite?
True
Is 897499973 prime?
True
Is 7489520461 prime?
True
Is 1135441561 a composite number?
False
Is 4066846739 composite?
True
Is 9501146033 composite?
True
Is 1985044207 prime?
False
Is 55466606357 a composite number?
False
Is 1134726241 a prime number?
False
Is 1532569739 prime?
True
Is 1909930213 a composite number?
True
Is 6651678037 a composite number?
False
Is 294451243 a composite number?
False
Is 7929167041 prime?
False
Is 4015681577 composite?
True
Is 98382994637 composite?
False
Is 1392881653 a prime number?
True
Is 2374590529 a composite number?
False
Is 4080498239 a composite number?
False
Is 15316176133 prime?
False
Is 41055206077 composite?
True
Is 51187458631 prime?
False
Is 2757791254 prime?
False
Is 428743283 a prime number?
False
Is 26894894773 a prime number?
False
Is 497768605 a composite number?
True
Is 2733854663 a prime number?
True
Is 4893663157 prime?
False
Is 95498323 a composite number?
True
Is 3190331699 a prime number?
True
Is 6832258271 prime?
True
Is 38986531739 a prime number?
False
Is 6202234319 a composite number?
False
Is 1993454917 prime?
True
Is 16008471833 prime?
False
Is 14117221087 a prime number?
True
Is 37831636331 composite?
False
Is 4251615359 a prime number?
True
Is 63054467383 prime?
True
Is 6122522149 composite?
True
Is 727552369 a prime number?
True
Is 977787163 a composite number?
False
Is 5634312657 a composite number?
True
Is 16641376721 composite?
True
Is 1454071499 a prime number?
True
Is 3148001081 a prime number?
True
Is 98049569 a prime number?
True
Is 4619749861 composite?
False
Is 972804919 a composite number?
True
Is 419432097837 composite?
True
Is 1186570633 a prime number?
True
Is 9338049337 prime?
False
Is 3845096251 a composite number?
False
Is 38246709 a composite number?
True
Is 303605423 composite?
True
Is 115736587 prime?
True
Is 294680766671 prime?
True
Is 3496618019 composite?
False
Is 1114495211 composite?
False
Is 48286513019 prime?
True
Is 1102185257 a prime number?
False
Is 147328097431 a prime number?
True
Is 45487945907 a prime number?
False
Is 1275781783 a composite number?
False
Is 14829837107 prime?
True
Is 27106683737 composite?
True
Is 31480659127 prime?
True
Is 332845507 prime?
False
Is 31155815419 prime?
True
Is 590963623 a composite number?
False
Is 6160681829 a composite number?
False
Is 6687090307 composite?
False
Is 269346515 prime?
False
Is 176731299113 a composite number?
True
Is 8549564185 a composite number?
True
Is 189912361 prime?
False
Is 6671840039 a prime number?
False
Is 647021567 a composite number?
False
Is 27162523793 composite?
True
Is 744590687 prime?
True
Is 35393639159 a prime number?
True
Is 81958975139 a prime number?
True
Is 250816183 a composite number?
False
Is 5652510898 prime?
False
Is 5385870151 prime?
True
Is 32750312677 a composite number?
True
Is 283094563 a prime number?
True
Is 24477535993 prime?
False
Is 8909675231 a prime number?
False
Is 1556655293 a composite number?
False
Is 594398617 prime?
True
Is 6437985913 a composite number?
True
Is 686185601 a prime number?
True
Is 91455401003 composite?
True
Is 4628185673 prime?
False
Is 4517233993 composite?
True
Is 438703513 prime?
False
Is 38213291 a composite number?
False
Is 60205766087 a composite number?
True
Is 1224763117 a prime number?
True
Is 58697073401 a composite number?
False
Is 12937170923 composite?
False
Is 15523007 a composite number?
True
Is 4054745017 composite?
False
Is 203434032793 prime?
False
Is 96885769 a prime number?
False
Is 512619593 a prime number?
True
Is 7720437247 composite?
False
Is 101615258231 a composite number?
False
Is 2061364047 prime?
False
Is 2156024771 a prime number?
False
Is 24511816133 a composite number?
True
Is 14813518717 composite?
False
Is 6149729777 composite?
True
Is 64619728741 prime?
True
Is 58660033169 composite?
False
Is 1102086613 a prime number?
True
Is 180097971 composite?
True
Is 29673464131 a composite number?
False
Is 7269936589 a prime number?
True
Is 60543361717 prime?
True
Is 1259209541 a prime number?
True
Is 5432392919 a prime number?
False
Is 1366028159 prime?
False
Is 2019100823 composite?
False
Is 115736292271 a prime number?
True
Is 125933879 a composite number?
False
Is 2416451761 prime?
False
Is 4405308127 prime?
False
Is 2301179263 a prime number?
True
Is 1666928489 composite?
True
Is 2940138409 composite?
True
Is 10404159247 composite?
False
Is 446038347 composite?
True
Is 2929674373 a composite number?
True
Is 910986049 prime?
True
Is 4337630849 a composite number?
False
Is 271004440819 prime?
False
Is 1477797043 a composite number?
False
Is 740970731 composite?
True
Is 9283333223 composite?
False
Is 539234141 a prime number?
False
Is 1648373639 composite?
True
Is 361814665 a prime number?
False
Is 16737305869 a composite number?
False
Is 1850666509 a prime number?
False
Is 5732752423 prime?
False
Is 98714953 composite?
False
Is 1844242777 a composite number?
True
Is 598907431 prime?
False
Is 24293681039 prime?
False
Is 25337185397 composite?
True
Is 29411378911 prime?
True
Is 4855078231 a composite number?
False
Is 41791201 composite?
False
Is 2482255803 prime?
False
Is 178654727 composite?
True
Is 708394439 a prime number?
True
Is 180984715 prime?
False
Is 221631042021 composite?
True
Is 4768466861 composite?
False
Is 246905471 a prime number?
True
Is 626268901 a composite number?
False
Is 409564823 composite?
False
Is 672334783 a composite number?
True
Is 17989010383 a prime number?
False
Is 796324589 prime?
True
Is 121028084069 a composite number?
False
Is 1972562831 composite?
False
Is 3395249335 composite?
True
Is 370091879 a prime number?
True
Is 3449829167 a prime number?
True
Is 13309970503 prime?
False
Is 2081319241 composite?
True
Is 7602800369 a composite number?
True
Is 6522507659 composite?
True
Is 185260979 prime?
False
Is 2662704355 a composite number?
True
Is 13888703393 a composite number?
False
Is 483884279 prime?
True
Is 2994104023 prime?
False
Is 67025088293 a composite number?
True
Is 6491642687 composite?
False
Is 502903801 composite?
False
Is 992637817 prime?
False
Is 109417781138 composite?
True
Is 298170311 composite?
False
Is 7529058193 a prime number?
False
Is 12139299707 a composite number?
False
Is 171276778 a composite number?
True
Is 588976723 prime?
True
Is 312328229 a prime number?
True
Is 55237697 